w - 25, -2*w - 5 = 5. Suppose 0 = 3*u + k + 3, -5*k = 4*u + a - 5. Suppose 5*v + 4*i - 62 = -0*v, -2*i - 4 = u. Is v a multiple of 4?
False
Let s(w) = -2*w + 3. Let f = 1 + 1. Suppose f*x = n - 9, n - 6 = -x + 5*n. Is 11 a factor of s(x)?
False
Suppose 3*w + 195 = 2*s, 4*s - 5*w = 121 + 274. Let q = -75 + s. Does 10 divide q?
True
Let r(p) = p**3 - 2*p**2 - 5*p - 3. Is r(4) a multiple of 3?
True
Let g = -27 - -55. Is 7 a factor of g?
True
Suppose -154 = -3*y - 2*g, -y = -3*g - 36 + 3. Let o = y - 30. Is o a multiple of 18?
True
Let k(n) = n**3 + 7*n**2 - n - 5. Let l be k(-7). Suppose 24 + 8 = -l*q. Is 15 a factor of (-4)/(q/30)*2?
True
Is 13 a factor of (0 - -45) + (-4)/(-4)?
False
Let b(f) = 75*f**2 - 2*f + 2. Does 25 divide b(1)?
True
Let a be (6/4)/((-1)/(-86)). Let d = a - 68. Suppose d = 2*x + 1. Does 15 divide x?
True
Let i(b) = 62*b - 1. Is 13 a factor of i(1)?
False
Is (-140)/(-2)*(-162)/(-63) a multiple of 45?
True
Let p(d) = -43*d**2 - 2*d - 1. Let y be 1 + -2 + 1 + -1. Let t be p(y). Does 7 divide t/(-2) - (5 - 5)?
True
Let t = 129 + -106. Is 4 a factor of t?
False
Suppose 116 + 29 = f - i, -615 = -4*f - 3*i. Suppose 132 = 6*s - f. Does 13 divide s?
False
Suppose -61*g = -58*g - 72. Is g a multiple of 12?
True
Suppose 293 - 164 = z. Is 10 a factor of z?
False
Let p be (11 - -1)*(-4)/(-12). Let r = p - -2. Is 2 a factor of r?
True
Let q(d) = -4*d + 2. Let o be q(-5). Suppose -2*p + 4*p = o. Is p a multiple of 4?
False
Let q(w) = -10*w - 6. Is q(-3) a multiple of 8?
True
Let f = 1 - 3. Let n = f + 15. Let w = n + 5. Is w a multiple of 13?
False
Suppose k + 5*k = 966. Is 38 a factor of k?
False
Suppose -12*i + 13*i - 9 = 0. Is 3 a factor of i?
True
Suppose -2*n - 5 - 1 = 0. Let x = n + 8. Is x a multiple of 2?
False
Let v(z) = -16*z - 64. Does 10 divide v(-11)?
False
Let r = 110 + -92. Is r a multiple of 3?
True
Suppose 2*v + 0*v - 188 = 4*r, -5*r = 5*v + 205. Let z = 133 + r. Is 13 a factor of z?
False
Let h(p) = p - 1. Let c be h(5). Suppose 0 = 5*x + c*l - 871, -488 + 158 = -2*x + 3*l. Suppose 51 = -5*g + x. Is g a multiple of 12?
True
Let q be (-5)/(-2) + 1/2. Suppose -6*c + q*c + 48 = 0. Is 9 a factor of c?
False
Let y(d) = 1 + 3*d**2 + 44 - 4*d**2. Is 16 a factor of y(0)?
False
Suppose 15 = -5*z, -v = v + 3*z + 21. Let g be (v/(-3))/((-3)/102). Does 17 divide g/6*(-6 + 3)?
True
Let b(i) = 3*i**2 + 4*i - 3. Let j be b(2). Let h be (-2)/(-1*2/2). Suppose 0*v - 5*n - j = -v, -n - h = 0. Is 2 a factor of v?
False
Suppose 2 = l - 5*q - 13, -4*l = 5*q + 15. Suppose -4*h + 159 + 97 = l. Suppose -r + h = r. Does 16 divide r?
True
Let b(j) = j**2 + 8*j - 2. Let g be b(-8). Let r(y) = 18*y**2 + y - 3. Is 22 a factor of r(g)?
False
Let p = 7 - 5. Suppose 0 = p*z + 7 + 3, 0 = -2*u - z + 11. Is 4 a factor of u?
True
Suppose 2*h - 3 = 3. Suppose b - 6*b = -5*i - 185, h*i = 6. Is b a multiple of 13?
True
Let o(k) = 2 + 1 - 4 + 5*k. Is o(3) a multiple of 14?
True
Suppose p - 91 = -6*p. Does 2 divide p?
False
Suppose 4*b + 12 = 2*b. Let q(y) = y**3 + 6*y**2 + 5*y - 4. Let g be q(b). Does 14 divide g/((8/3)/(-4))?
False
Suppose -4*h + 621 = -3*i, 627 = -0*h + 4*h + 3*i. Is 13 a factor of h?
True
Suppose -4*t - 8 = -2*t, -2*u + 920 = -5*t. Suppose 2*s = -s - u. Is (36/15)/((-9)/s) a multiple of 20?
True
Let d be 8/(-6)*(-3)/(-1). Let n be 2 - (d + -3 + 5). Suppose n*q - 12 = q. Does 4 divide q?
True
Suppose 0*n = 5*n - 30. Let c(p) = p**3 - 5*p**2 - 3*p - 5. Let k be c(n). Suppose 5*y = k + 12. Is y even?
False
Let k be (-1)/4 + 69/4. Let u be 5/(-10)*(21 - -1). Let j = k + u. Is 2 a factor of j?
True
Let l(p) = 12*p - 4. Let y = -9 - -29. Suppose 0 = -3*m - 2*m + y. Does 22 divide l(m)?
True
Is 14*(-3*1)/(49/(-84)) a multiple of 32?
False
Let p = 30 + -19. Is p a multiple of 11?
True
Suppose -91*k = -89*k - 156. Is k a multiple of 33?
False
Let c(x) = -6*x**2 + 12*x. Let n(s) = -s**2 + s + 1. Let z(l) = c(l) - 5*n(l). Let u be z(6). Does 11 divide (-208)/(-12) - u/3?
False
Let c be (-2 + 46/(-8))*-8. Let o = -4 + -15. Let f = c + o. Is 18 a factor of f?
False
Let v = 158 + -41. Is v a multiple of 31?
False
Suppose 2*q - 43 + 17 = 0. Does 13 divide q?
True
Suppose -5 = 4*q - 21. Let y(v) = -6*v + 2 - q*v + 5*v. Is y(-7) a multiple of 14?
False
Let m(r) = -r**3 - 5*r**2 - 2*r - 5. Let g be m(-5). Suppose -t - 102 = -4*n, -3 + g = t. Does 13 divide n?
True
Suppose 819 = 3*b + 3*h, 5*b + h - 5*h = 1365. Does 24 divide b?
False
Suppose -3*h = -3*z - 306, 0 = h + 5*z - 18 - 84. Is h a multiple of 17?
True
Let t(x) = x**3 + 4*x**2 + x + 5. Let i = 2 + -6. Let y be t(i). Is ((-66)/(-4) - y)*2 a multiple of 15?
False
Let w be -2*2/4*-7. Let y(b) = -b**3 + 8*b**2 - 4*b + 6. Let c be y(w). Let i = c - 16. Is i a multiple of 6?
False
Let n = 143 - 83. Suppose -8*z + n = -3*z. Is z a multiple of 12?
True
Let j(q) = 99*q**2 + 9*q + 18. Is j(-2) a multiple of 18?
True
Let v be (1/2)/(11/4246). Suppose w - 2*o - 67 = 0, o - v = -3*w - o. Is w a multiple of 13?
True
Let y = -41 - -92. Let t = y - 21. Does 15 divide t?
True
Let k = -4 - -4. Suppose -x = -k*x - 4. Is x a multiple of 4?
True
Let q = 41 - -13. Is 7 a factor of q?
False
Let u(p) = -p**3 - 2*p**2 - 4*p - 15. Is u(-5) a multiple of 10?
True
Let v(z) = -2 - 4*z + 8*z + z**2 + 0*z**2. Let b(c) = -c. Let f be b(-4). Is v(f) a multiple of 15?
True
Let x(w) = 1. Let s(r) = -r**2 - 4*r - 3. Let o(c) = -s(c) + 5*x(c). Let v be o(-6). Suppose -j + 3*j = v. Is 4 a factor of j?
False
Let p(x) = -2*x. Let d be p(-1). Let u be (0 + 1/d)*0. Suppose -w = -u*w - 4. Is w a multiple of 4?
True
Suppose h + 0*h + 3 = 0. Let u = h + 33. Does 10 divide u?
True
Let j be 0 - (-3 + 0 + 0). Is 26 a factor of ((-2)/j)/(7/(-273))?
True
Let d(l) = -37*l - 10. Let v be d(-8). Is 4 a factor of v/39 - 4/(-6)?
True
Suppose 3*d - 12 - 90 = 0. Is d a multiple of 21?
False
Let a = -280 + 447. Suppose 0 = 5*m - 113 - a. Does 17 divide m?
False
Let w = 17 + -7. Is 5 a factor of w?
True
Let b = -13 + 14. Let j = 9 + b. Is j a multiple of 5?
True
Suppose 75*i = 76*i - 22. Does 22 divide i?
True
Let m(z) = -z**2 + 16*z + 2. Let b = -14 + 22. Is 22 a factor of m(b)?
True
Suppose -2*p + 3*y + 96 = 0, 4*p - y = p + 144. Is 24 a factor of p?
True
Suppose -4*q - 30 = -4*u - 10, 4*u - 15 = 3*q. Let g = 0 + u. Suppose g*y + 2*y - 66 = -4*r, -85 = -5*r - 3*y. Is r a multiple of 14?
True
Let v(w) = -2*w**3 - 2*w**2 + 3*w + 2. Is 4 a factor of v(-2)?
True
Let k(r) = -r**2 - 14*r + 5. Is 6 a factor of k(-12)?
False
Let m(j) = -j**3 - 7*j**2 + 7*j - 5. Let h be m(-8). Suppose -3 + 36 = h*q. Let t(r) = -r**2 + 14*r - 12. Is 6 a factor of t(q)?
False
Let h = 17 + -1. Is 7 a factor of h?
False
Let z(k) = 20*k. Let w be z(6). Suppose 3*p + 96 = 6*p + 4*d, -3*p + w = -4*d. Is p a multiple of 19?
False
Suppose -8*s = -9*s + 37. Is s a multiple of 6?
False
Let x(b) = -b + 65. Does 25 divide x(13)?
False
Suppose 29 + 3 = 4*n. Suppose -5*m - n = -23. Suppose -m*v - 12 + 54 = 0. Is v a multiple of 6?
False
Suppose -4*h + 7 = -3*u + 2, h + 2*u - 4 = 0. Suppose 2*g - 28 = 5*l, -92 = -5*g + h*g - 5*l. Does 15 divide g?
False
Let s(g) = -g**2 + 10*g + 8. Is 2 a factor of s(9)?
False
Does 3 divide (6/4)/(1/4)?
True
Let x(a) = a**2 - 7*a + 5. Let w be x(5). Does 19 divide (-2)/w + (-93)/(-5)?
True
Does 24 divide (-105)/10*2*-6?
False
Suppose -45 = -2*z - z. Is z a multiple of 15?
True
Let o(y) = y**3 + 3*y**2 - 3*y + 2. Suppose 0 = 2*t + 6. Does 10 divide o(t)?
False
Does 26 divide (-158)/(-6) + 4*(-1)/12?
True
Let t = 30 - 55. Is 9/3 + (2 - t) a multiple of 10?
True
Let j = -49 + 109. Is (j - 1) + 1*2 a multiple of 19?
False
Let f = -326 + 466. Is f a multiple of 20?
True
Let o(j) be the second derivative of 13*j**7/2520 + j**5/60 + j**4/6 + 3*j. Let u(z) be the third derivative of o(z). Is 18 a factor of u(-2)?
True
Let s be 8/2*(-242)/8. Let b = -85 - s. Is b a multiple of 18?
True
Let m(q) = q**3 - 7*q**2 + 6*q + 4. Let n be m(6). Suppose n*y + 4*c = 5 + 7, y + 5*c - 11 = 0. Does 4 divide y + 0 - (-15)/5?
True
Suppose -2*w + 0*w + 18 = 0. Let c = w - 1. Does 4 divide c?
True
Suppose 0 = 3*q + 3*y - 498, -4*q = y - 3*y - 646. Suppose 2*l - 81 = q. Is l a multiple of 26?
False
Let r(i) = -i**2 - 19*i + 8. Is 26 a factor of r(-14)?
True
Is 11 a factor of ((-16 - -